3. Let d = l + o. Is d a composite number?
True
Suppose -177*b + 184*b + 14 = 0. Is 7382 - (5 + 4/b) prime?
False
Let t = -14 - -16. Let g be (-20)/((-8)/t)*-1. Let i(p) = -114*p + 21. Is i(g) prime?
False
Suppose 2*f + 5 = 13. Let k be ((-15)/(-3))/(10/f). Suppose -3*b + 46 = -k*b - 3*y, -188 = -5*b + y. Is b prime?
True
Let z be 0 + 1521 - 1/(6/(-18)). Let x = z + -850. Suppose -v - 2*v - x = -4*m, -5*v + 157 = m. Is m a composite number?
False
Let j(t) = 9*t + 8. Let m be j(1). Suppose m*n + y = 16*n + 1997, -n + 1997 = 5*y. Is (12/3 - n)*1*-1 a prime number?
True
Suppose 19 = -2*y - 9. Let r be y/21 + 1 + 1118/(-6). Let s = r - -484. Is s a prime number?
False
Let q(r) = -3*r**3 + 19*r**2 + 38*r + 2057. Is q(-20) composite?
True
Let i = 8805 + 2720. Let g = i + 2994. Is g a prime number?
True
Let g = 414304 + -207399. Is g composite?
True
Suppose 25*j = 23*j - 4*l + 15490, 4*l = j - 7751. Is j composite?
True
Let s be 4/6 + 5/(-3). Let x(d) be the third derivative of -19*d**6/20 - d**3/6 + 102*d**2. Is x(s) composite?
False
Suppose 3*g - 5*j + 39 = g, -153 = 4*g + 5*j. Let p = g - -27. Is (-6 - (p + 2)) + 1536 - 2 prime?
True
Let j = -103 + 986. Suppose 0 = 5*c + 4*k - 1166 - 5339, 0 = -3*c + 3*k + 3930. Let y = c - j. Is y prime?
False
Let x(b) = -192*b**3 + 6*b**2 - 16*b - 299. Is x(-10) a composite number?
False
Suppose -5*w - 63 + 14 = 2*g, -101 = 3*g + 2*w. Let d = g - -55. Suppose 19*c - 2221 = d*c. Is c composite?
False
Suppose 14*a + 3*q = 13*a - 2, 0 = -3*q - 6. Suppose -2*j + 3893 = s, -11669 = -3*s - 0*s - a*j. Is s prime?
False
Suppose 4*k - 631 = 81. Suppose -181*y + 8697 = -k*y. Is y a composite number?
True
Let s(v) = 5*v - 11. Let m be s(3). Suppose 4435 = 3*l + 2*j, l - 656 - 813 = m*j. Is l composite?
True
Let b(i) = 4*i + 35. Let n be b(-8). Suppose -267 = 4*g - 3*c, -n + 6 = 3*c. Let u = 76 + g. Is u a prime number?
False
Suppose -12 = -3*m + 2*k, -6*m - 6 = -3*m + 4*k. Is (0/m - 30/10) + 2132 prime?
True
Suppose -4*p + 3*p = -3*g + 9414, -3*g = -2*p - 18825. Let i = p - -26014. Is i composite?
False
Suppose -12*f + 578914 = 2*f. Is f composite?
False
Let f(l) = 432*l**2 - 39*l - 130. Is f(-27) a composite number?
False
Suppose -4*d - 316 = w + 96, -536 = 5*d - 4*w. Is (-6)/(-39) - 1363320/d prime?
True
Let n(g) = 7*g - 58*g**3 - 6 - 53*g**3 - 56*g**3 + 153*g**3 + 7*g**2. Is n(-4) a composite number?
True
Let l(j) = -803*j + 33. Let g be 112/(-19) + (-4)/38 + -2. Is l(g) a prime number?
False
Let l(c) = 11*c**2 + 37*c - 27. Suppose 49 = -2*d - 5*x, 3*x - 1 = 2*d + 88. Is l(d) a composite number?
True
Suppose 31*u = 13*u - 17*u + 3275335. Is u a prime number?
True
Suppose 4*g + 2*z = 113728, 5*g - 4*g + 5*z - 28459 = 0. Is g prime?
True
Let d be 3 - 4 - (-1 - 2 - -2). Let w be (-4 - (0 - 7))/(d - -1). Suppose 0 = -j - w*j + 1028. Is j a composite number?
False
Suppose -2905700 = -17*t + 994797. Is t prime?
False
Let y(t) = 373*t**3 + t + 2. Let l be y(3). Let o = -145 + 148. Suppose l = 5*h - 3*r, o*r + 4037 = 2*h + 4*r. Is h prime?
True
Let o be 775019/(-105) + (0 - (-2)/15). Let a = -4280 - o. Is a a composite number?
True
Suppose 3*t + 4*u - 610621 = 0, 45*u - 42*u + 610572 = 3*t. Is t a prime number?
True
Let k be 74/18 - (-12)/(-108). Suppose k*i - i = 5*x - 3, 2*i = 8. Suppose 0 = j - x*o - 82, -j - 5*o + 75 = -o. Is j composite?
False
Suppose 0 = g + 2 - 0. Let b be (6 - 6) + (g - -19). Let h = 126 + b. Is h a prime number?
False
Let n be (-3 - (-25)/10)/((-8)/256). Suppose 23*h = -n*h + 54951. Is h a composite number?
False
Suppose j - 531 = -3*h, 1065 = j + j + 5*h. Suppose 443*c = 439*c - 1132. Let w = c + j. Is w a prime number?
True
Suppose 5*i + 11167 = -8*i. Let d = i - -508. Let r = 685 + d. Is r a composite number?
True
Is 353354*(-3)/(-2)*(-76)/(-228) prime?
True
Let k = -25578 - -698899. Is k a prime number?
False
Suppose -6*f + 2*f = -192. Suppose -4*c = d - 49 - f, -4*c + 107 = 3*d. Suppose -214 - c = -v. Is v prime?
False
Let h(x) = -16*x**3 - 4*x**2 - 2*x - 1. Let v = 36 + -14. Suppose -5*k = -2*y + v, y + 3*y = 4*k + 20. Is h(k) composite?
False
Let z = -39 + 22. Let o = 17 + z. Suppose o*m + u - 127 = -5*m, 58 = 2*m + 4*u. Is m composite?
True
Suppose 5*l + 5*h = -25, 6*l + 2*h + 10 = l. Suppose -24*b + 25*b - 335 = l. Suppose 1155 = 5*n - b. Is n a composite number?
True
Let u = -7032 - -13097. Suppose -79*b + 74*b = -u. Is b a prime number?
True
Suppose 5*c = 5*u - 35, -4*u + 10*c + 31 = 7*c. Let q(n) = 2*n**2 - 19*n + 4. Let y be q(u). Let g(m) = 51*m + 3. Is g(y) composite?
True
Suppose -23*m + 3*d = -20*m - 121644, -5*d + 162147 = 4*m. Is m a prime number?
True
Let l = -113 - -125. Let g(f) = 2*f**3 - 18*f**2 - 12*f + 4. Let b be g(l). Let m = b - 77. Is m composite?
False
Let j(u) = 49*u - 23. Let a(b) = -50*b + 23. Let k(l) = -5*a(l) - 6*j(l). Let w = -2286 - -2279. Is k(w) composite?
False
Suppose 48 = -4*g - 5*d, 60 = -5*g + 3*d + d. Let s(u) = -u**3 - 12*u**2 - 10*u - 35. Is s(g) prime?
False
Suppose 0 = -16*f + 8*f + 8. Is (-1109*f)/(-8 - (3 + -10)) prime?
True
Suppose 27*a - 33*a = -7224. Suppose a - 13910 = -2*w. Is w a composite number?
False
Let r = -13359 - -6460. Let s = -4881 - r. Is s composite?
True
Let j = -127 + 129. Is (-1)/(((-15)/(-83530))/(-3)*j) a composite number?
False
Suppose 0 = -2*f + 2*t + 3*t + 29, t - 3 = -4*f. Let c(n) = 6*n**2 - n - 13. Let b be c(4). Suppose f*l = 183 + b. Is l prime?
True
Suppose 8*a - 7 = -4*w + 5*a, 1 = -2*w - 3*a. Suppose -1381 = -3*v - 4*q, -w*v - q + 2036 = 173. Is v composite?
False
Suppose 44 = 25*t - 21*t. Let k(j) = -t - 13*j + 48 - 85*j. Is k(-12) prime?
True
Let w(k) = 64*k**2 + 5*k - 16. Let y be w(-8). Let x = y - 1755. Is x prime?
False
Let o(a) = 2. Let p(f) = -38*f + 97. Let g(h) = 5*o(h) - p(h). Is g(16) a prime number?
True
Suppose 3*l + 296 = 7*l. Suppose 39 = 5*o - 3*d - 128, 0 = 2*o - 3*d - l. Suppose o = 3*p - 1730. Is p a composite number?
False
Let o(w) = 10*w**3 - 3*w**2 + w - 8. Let q be o(3). Let g = q + 81. Is g a composite number?
True
Is (-211366*(-5)/(-35))/(16/(-56)) prime?
True
Suppose 174 + 250 = 212*a. Let k(w) = w**2 - 5*w - 6. Let m be k(6). Suppose m = -18*z - a*z + 28040. Is z a composite number?
True
Suppose 0 = 2*j - 64*j + 198981 + 1053605. Is j a prime number?
False
Let b(k) = -573*k**3 - k**2 + 21*k + 56. Is b(-11) composite?
False
Let l = 17250 + -6919. Is l composite?
False
Let i be 102/24 + 2/(-8). Suppose 0 = -i*g + 10*g - 24. Is (-1)/((2/(-636))/(2/g)) a prime number?
False
Let f = -2 + 52. Suppose f*k - 47*k + 3015 = 0. Let v = -262 - k. Is v prime?
True
Let r = 737184 - 340793. Is r prime?
False
Let u(v) = -89304*v + 1441. Is u(-2) composite?
True
Suppose -3*h - 237470 = 4*g - 5*g, 4*g + 2*h = 949838. Is g/49 - (-3)/(-21) composite?
True
Let v(n) = -17 + 29 + 15 + 6*n + 29. Let t be v(-20). Let b = 110 + t. Is b a prime number?
False
Let g be (((-24)/21)/2)/((-3)/21). Suppose j - 6*j = 5*m - 11535, -m + 2322 = -g*j. Let c = m + -1471. Is c a composite number?
False
Suppose -3*k + 7 = -8. Let w(r) = 3*r + 12. Let s be w(k). Is 1843/9 - (-2)/s*3 prime?
False
Suppose 3*n + 5*u + 42118 - 130791 = 0, -u - 5 = 0. Suppose -n = -3*v + 5441. Is v prime?
False
Let n = 199 - 198. Is (-32596)/12*(-4 + n) composite?
True
Suppose -7*r - 48 = -11*r. Is 6*3543/r*2 prime?
False
Let j(w) = 37*w**3 - 7*w**2 + 65*w - 114. Is j(7) a composite number?
False
Let j(o) = -34*o**2 + 3*o + 312. Let z be j(-16). Let g = z - -12239. Is g a prime number?
False
Suppose 6*i - 108 = -0*i. Suppose 2203 = -i*y + 19*y. Is y a composite number?
False
Let s = 6481 - 502. Is s a prime number?
False
Suppose 0 = 7*u + 7 - 0. Let d be 2/u + 3 + -36. Let z = d + 94. Is z a composite number?
False
Let y(t) = 371*t**2 + 701*t**2 - 5*t + 315*t**2 + 6*t. Let u be y(1). Is u/(-6)*(-21)/14 composite?
False
Let g be (8/5)/(7/(-35)). Let y = 17 - g. Is 4 + (-1 - -38*y) composite?
False
Suppose -72 = u - 77. Suppose -u*c + 286 = -y - 3378, -1469 = -2*c - 3*y. Is c a composite number?
False
Suppose 27*u - 2447153 - 4593862 = 12*u. Is u a composite number?
True
Let k(h) = h**2 + 6*h - 14. Let p be k(-8). Suppose -8*o = -p*o + 48. Is (6 - 0)*o/16 - -1532 prime?
False
Let r = 615438 - 273821. Is r a composite number?
False
Let v be (-1 + -3)/